{"id":2343,"date":"2025-02-12T08:12:40","date_gmt":"2025-02-12T08:12:40","guid":{"rendered":"https:\/\/www.colonmontajes.com\/?post_type=product&#038;p=2343"},"modified":"2025-02-12T08:15:33","modified_gmt":"2025-02-12T08:15:33","slug":"armario-congelacion-puerta-de-acero-654x800x1940mm","status":"publish","type":"product","link":"https:\/\/www.colonmontajes.com\/index.php\/product\/armario-congelacion-puerta-de-acero-654x800x1940mm\/","title":{"rendered":"ARMARIO CONGELACION PUERTA DE ACERO   654\u00d7800\u00d71940mm"},"content":{"rendered":"<p>Caracter\u00edsticas<\/p>\n<p>&nbsp;<\/p>\n<ul class=\"fusion-checklist fusion-checklist-1 fusion-checklist-default type-icons\">\n<li class=\"fusion-li-item\"><i class=\"fusion-li-icon fa fa-check\" aria-hidden=\"true\"><\/i>\n<div class=\"fusion-li-item-content\">Exterior e interior de acero inoxidable<\/div>\n<\/li>\n<li class=\"fusion-li-item\"><i class=\"fusion-li-icon fa fa-check\" aria-hidden=\"true\"><\/i>\n<div class=\"fusion-li-item-content\">Controlador electr\u00f3nico de temperatura<\/div>\n<\/li>\n<li class=\"fusion-li-item\"><i class=\"fusion-li-icon fa fa-check\" aria-hidden=\"true\"><\/i>\n<div class=\"fusion-li-item-content\">Luz(es) interior(es) LED<\/div>\n<\/li>\n<li class=\"fusion-li-item\"><i class=\"fusion-li-icon fa fa-check\" aria-hidden=\"true\"><\/i>\n<div class=\"fusion-li-item-content\">Tirador(es) de puerta empotrado(s)<\/div>\n<\/li>\n<li class=\"fusion-li-item\"><i class=\"fusion-li-icon fa fa-check\" aria-hidden=\"true\"><\/i>\n<div class=\"fusion-li-item-content\">Cerradura(s) de puerta est\u00e1ndar<\/div>\n<\/li>\n<li class=\"fusion-li-item\"><i class=\"fusion-li-icon fa fa-check\" aria-hidden=\"true\"><\/i>\n<div class=\"fusion-li-item-content\">Junta(s) de puerta magn\u00e9tica(s)<\/div>\n<\/li>\n<li class=\"fusion-li-item\"><i class=\"fusion-li-icon fa fa-check\" aria-hidden=\"true\"><\/i>\n<div class=\"fusion-li-item-content\">Ruedas preinstaladas<\/div>\n<\/li>\n<li class=\"fusion-li-item\"><i class=\"fusion-li-icon fa fa-check\" aria-hidden=\"true\"><\/i>\n<div class=\"fusion-li-item-content\">Estantes preinstalados por secci\u00f3n<\/div>\n<\/li>\n<li class=\"fusion-li-item\"><i class=\"fusion-li-icon fa fa-check\" aria-hidden=\"true\"><\/i>\n<div class=\"fusion-li-item-content\">Refrigeraci\u00f3n por conductos descendentes para garantizar una distribuci\u00f3n uniforme del aire<\/div>\n<\/li>\n<li class=\"fusion-li-item\"><i class=\"fusion-li-icon fa fa-check\" aria-hidden=\"true\"><\/i>\n<div class=\"fusion-li-item-content\">Soporte de pared (necesario para su uso)<\/div>\n<\/li>\n<\/ul>\n<p>ipo de producto Freezer Cooling Method<br \/>\nTipo de refrigeraci\u00f3n Ventilated\/ventilado<br \/>\nDoors<br \/>\nPuertas 1 Defrost Method<br \/>\nDescongelar<br \/>\nHot Gas Defrost \/Descongelaci\u00f3n con<br \/>\ngas caliente<br \/>\nTemperature (\u2103)<br \/>\nTemperatura-22\uff5e-18 Refrigerant<br \/>\nGas refrigerante R290<br \/>\nClimate temperature<br \/>\nTemperatura ambiente 40\u2103 40% Refrigerant Amount (g)<br \/>\nCantidad de gas 60<br \/>\nGross Volume (L)<br \/>\nCapacidad bruta 488 Climate type<br \/>\nClase clim\u00e1tica 5<br \/>\nNet Volume (L)<br \/>\nCapacidad neta 430 Exterior Dimensions (body) (mm)<br \/>\nDimensiones del cuerpo de la m\u00e1quina 654\u00d7800\u00d71940<br \/>\nShelf QTY<br \/>\nRejillas suministradas 3,4 Height with Leg and upstand approx.(mm)<br \/>\nAltura incluyendo pies ajustables y tope approx.<br \/>\nShelf Dimensions (mm)<br \/>\nTama\u00f1o de cuadr\u00edcula 530\u00d7650 Height with Castor (mm)<br \/>\nAltura incluyendo ruedas 2065(4&#8242;)<br \/>\nLoading capacity per shelf (kg)<br \/>\nCarga m\u00e1xima por rejilla 40 Interior Dimensions (mm)<br \/>\nDimensiones internas 534\u00d7635\u00d71510<br \/>\nInsulation thickness (mm)<br \/>\nAislamiento 60 Wood Packing Dimensions (mm)<br \/>\nDimensiones del embalaje 710\u00d7860\u00d72110<br \/>\nFoaming Material<br \/>\nMaterial aislante C5H10 Net Weight (kg)<br \/>\nPeso neto 100<br \/>\nLED Lights<br \/>\nluces LED SI Gross Weight (kg)<br \/>\nPeso bruto 120<br \/>\nPower (W)<br \/>\nPodencia 540 Voltage (V\/Hz\/Ph)<br \/>\nVoltaje 220-240\/50\/1<br \/>\nPower consumption (kWh\/24h)<br \/>\nConsumo 5,9 Auxiliary Heater (W)<br \/>\nCalentador auxiliar<br \/>\nAnnual energy consumption (kWh\/annum)<br \/>\nConsumo annual 2153,5 Energy efficiency class<br \/>\nClase energ\u00e9tica D<br \/>\nRated Current (A)<br \/>\nCorriente nominal 3,4 Thermostat<br \/>\nModelo de termostato Carel<br \/>\nCompressor Brand<br \/>\nCompresor Donper Compressor Model<br \/>\nModelo de compresor K480CU<\/p>\n","protected":false},"excerpt":{"rendered":"<p>Caracter\u00edsticas &nbsp; Exterior e interior de acero inoxidable Controlador electr\u00f3nico de temperatura Luz(es) interior(es) LED Tirador(es) de puerta empotrado(s) Cerradura(s) de puerta est\u00e1ndar Junta(s) de puerta magn\u00e9tica(s) Ruedas preinstaladas Estantes preinstalados por secci\u00f3n Refrigeraci\u00f3n por conductos descendentes para garantizar una distribuci\u00f3n uniforme del aire Soporte de pared (necesario para su uso) ipo de producto Freezer Cooling Method Tipo de refrigeraci\u00f3n Ventilated\/ventilado Doors Puertas 1 Defrost Method Descongelar Hot Gas Defrost \/Descongelaci\u00f3n con gas caliente Temperature (\u2103) Temperatura-22\uff5e-18 Refrigerant Gas refrigerante R290 Climate temperature Temperatura ambiente 40\u2103 40% Refrigerant Amount (g) Cantidad de gas 60 Gross Volume (L) Capacidad bruta 488 Climate type Clase clim\u00e1tica 5 Net Volume (L) Capacidad neta 430 Exterior Dimensions (body) (mm) Dimensiones del cuerpo de la m\u00e1quina 654\u00d7800\u00d71940 Shelf QTY Rejillas suministradas 3,4 Height with Leg and upstand approx.(mm) Altura incluyendo pies ajustables y tope approx. Shelf Dimensions (mm) Tama\u00f1o de cuadr\u00edcula 530\u00d7650 Height with Castor (mm) Altura incluyendo ruedas 2065(4&#8242;) Loading capacity per shelf (kg) Carga m\u00e1xima por rejilla 40 Interior Dimensions (mm) Dimensiones internas 534\u00d7635\u00d71510 Insulation thickness (mm) Aislamiento 60 Wood Packing Dimensions (mm) Dimensiones del embalaje 710\u00d7860\u00d72110 Foaming Material Material aislante C5H10 Net Weight (kg) Peso neto 100 LED Lights luces LED SI Gross Weight (kg) Peso bruto 120 Power (W) Podencia 540 Voltage (V\/Hz\/Ph) Voltaje 220-240\/50\/1 Power consumption (kWh\/24h) Consumo 5,9 Auxiliary Heater (W) Calentador auxiliar Annual energy consumption (kWh\/annum) Consumo annual 2153,5 Energy efficiency class Clase energ\u00e9tica D Rated Current (A) Corriente nominal 3,4 Thermostat Modelo de termostato Carel Compressor Brand Compresor Donper Compressor Model Modelo de compresor K480CU<\/p>\n","protected":false},"featured_media":2341,"template":"","meta":[],"product_brand":[],"product_cat":[52,34,45],"product_tag":[51],"class_list":{"0":"post-2343","1":"product","2":"type-product","3":"status-publish","4":"has-post-thumbnail","6":"product_cat-ofertas","7":"product_cat-frio-comercial","8":"product_cat-super-rebajado","9":"product_tag-economico","11":"first","12":"instock","13":"sale","14":"taxable","15":"shipping-taxable","16":"purchasable","17":"product-type-simple"},"yoast_head":"<!-- This site is optimized with the Yoast SEO plugin v25.4 - https:\/\/yoast.com\/wordpress\/plugins\/seo\/ -->\n<title>ARMARIO CONGELACION PUERTA DE ACERO  654\u00d7800\u00d71940mm - Col\u00f3n Montajes<\/title>\n<meta name=\"robots\" content=\"index, follow, max-snippet:-1, max-image-preview:large, max-video-preview:-1\" \/>\n<link rel=\"canonical\" href=\"https:\/\/www.colonmontajes.com\/index.php\/product\/armario-congelacion-puerta-de-acero-654x800x1940mm\/\" \/>\n<meta property=\"og:locale\" content=\"es_ES\" \/>\n<meta property=\"og:type\" content=\"article\" \/>\n<meta property=\"og:title\" content=\"ARMARIO CONGELACION PUERTA DE ACERO  654\u00d7800\u00d71940mm - Col\u00f3n Montajes\" \/>\n<meta property=\"og:description\" content=\"Caracter\u00edsticas &nbsp; Exterior e interior de acero inoxidable Controlador electr\u00f3nico de temperatura Luz(es) interior(es) LED Tirador(es) de puerta empotrado(s) Cerradura(s) de puerta est\u00e1ndar Junta(s) de puerta magn\u00e9tica(s) Ruedas preinstaladas Estantes preinstalados por secci\u00f3n Refrigeraci\u00f3n por conductos descendentes para garantizar una distribuci\u00f3n uniforme del aire Soporte de pared (necesario para su uso) ipo de producto Freezer Cooling Method Tipo de refrigeraci\u00f3n Ventilated\/ventilado Doors Puertas 1 Defrost Method Descongelar Hot Gas Defrost \/Descongelaci\u00f3n con gas caliente Temperature (\u2103) Temperatura-22\uff5e-18 Refrigerant Gas refrigerante R290 Climate temperature Temperatura ambiente 40\u2103 40% Refrigerant Amount (g) Cantidad de gas 60 Gross Volume (L) Capacidad bruta 488 Climate type Clase clim\u00e1tica 5 Net Volume (L) Capacidad neta 430 Exterior Dimensions (body) (mm) Dimensiones del cuerpo de la m\u00e1quina 654\u00d7800\u00d71940 Shelf QTY Rejillas suministradas 3,4 Height with Leg and upstand approx.(mm) Altura incluyendo pies ajustables y tope approx. Shelf Dimensions (mm) Tama\u00f1o de cuadr\u00edcula 530\u00d7650 Height with Castor (mm) Altura incluyendo ruedas 2065(4&#8242;) Loading capacity per shelf (kg) Carga m\u00e1xima por rejilla 40 Interior Dimensions (mm) Dimensiones internas 534\u00d7635\u00d71510 Insulation thickness (mm) Aislamiento 60 Wood Packing Dimensions (mm) Dimensiones del embalaje 710\u00d7860\u00d72110 Foaming Material Material aislante C5H10 Net Weight (kg) Peso neto 100 LED Lights luces LED SI Gross Weight (kg) Peso bruto 120 Power (W) Podencia 540 Voltage (V\/Hz\/Ph) Voltaje 220-240\/50\/1 Power consumption (kWh\/24h) Consumo 5,9 Auxiliary Heater (W) Calentador auxiliar Annual energy consumption (kWh\/annum) Consumo annual 2153,5 Energy efficiency class Clase energ\u00e9tica D Rated Current (A) Corriente nominal 3,4 Thermostat Modelo de termostato Carel Compressor Brand Compresor Donper Compressor Model Modelo de compresor K480CU\" \/>\n<meta property=\"og:url\" content=\"https:\/\/www.colonmontajes.com\/index.php\/product\/armario-congelacion-puerta-de-acero-654x800x1940mm\/\" \/>\n<meta property=\"og:site_name\" content=\"Col\u00f3n Montajes\" \/>\n<meta property=\"article:modified_time\" content=\"2025-02-12T08:15:33+00:00\" \/>\n<meta property=\"og:image\" content=\"https:\/\/www.colonmontajes.com\/wp-content\/uploads\/2025\/02\/ARMARIO-REFRIGERACION-CON-PUERTA-DE-ACERO-ABIERTO.jpg\" \/>\n\t<meta property=\"og:image:width\" content=\"293\" \/>\n\t<meta property=\"og:image:height\" content=\"567\" \/>\n\t<meta property=\"og:image:type\" content=\"image\/jpeg\" \/>\n<meta name=\"twitter:card\" content=\"summary_large_image\" \/>\n<meta name=\"twitter:label1\" content=\"Tiempo de lectura\" \/>\n\t<meta name=\"twitter:data1\" content=\"1 minuto\" \/>\n<script type=\"application\/ld+json\" class=\"yoast-schema-graph\">{\"@context\":\"https:\/\/schema.org\",\"@graph\":[{\"@type\":\"WebPage\",\"@id\":\"https:\/\/www.colonmontajes.com\/index.php\/product\/armario-congelacion-puerta-de-acero-654x800x1940mm\/\",\"url\":\"https:\/\/www.colonmontajes.com\/index.php\/product\/armario-congelacion-puerta-de-acero-654x800x1940mm\/\",\"name\":\"ARMARIO CONGELACION PUERTA DE ACERO 654\u00d7800\u00d71940mm - Col\u00f3n Montajes\",\"isPartOf\":{\"@id\":\"https:\/\/www.colonmontajes.com\/#website\"},\"primaryImageOfPage\":{\"@id\":\"https:\/\/www.colonmontajes.com\/index.php\/product\/armario-congelacion-puerta-de-acero-654x800x1940mm\/#primaryimage\"},\"image\":{\"@id\":\"https:\/\/www.colonmontajes.com\/index.php\/product\/armario-congelacion-puerta-de-acero-654x800x1940mm\/#primaryimage\"},\"thumbnailUrl\":\"https:\/\/www.colonmontajes.com\/wp-content\/uploads\/2025\/02\/ARMARIO-REFRIGERACION-CON-PUERTA-DE-ACERO-ABIERTO.jpg\",\"datePublished\":\"2025-02-12T08:12:40+00:00\",\"dateModified\":\"2025-02-12T08:15:33+00:00\",\"breadcrumb\":{\"@id\":\"https:\/\/www.colonmontajes.com\/index.php\/product\/armario-congelacion-puerta-de-acero-654x800x1940mm\/#breadcrumb\"},\"inLanguage\":\"es\",\"potentialAction\":[{\"@type\":\"ReadAction\",\"target\":[\"https:\/\/www.colonmontajes.com\/index.php\/product\/armario-congelacion-puerta-de-acero-654x800x1940mm\/\"]}]},{\"@type\":\"ImageObject\",\"inLanguage\":\"es\",\"@id\":\"https:\/\/www.colonmontajes.com\/index.php\/product\/armario-congelacion-puerta-de-acero-654x800x1940mm\/#primaryimage\",\"url\":\"https:\/\/www.colonmontajes.com\/wp-content\/uploads\/2025\/02\/ARMARIO-REFRIGERACION-CON-PUERTA-DE-ACERO-ABIERTO.jpg\",\"contentUrl\":\"https:\/\/www.colonmontajes.com\/wp-content\/uploads\/2025\/02\/ARMARIO-REFRIGERACION-CON-PUERTA-DE-ACERO-ABIERTO.jpg\",\"width\":293,\"height\":567},{\"@type\":\"BreadcrumbList\",\"@id\":\"https:\/\/www.colonmontajes.com\/index.php\/product\/armario-congelacion-puerta-de-acero-654x800x1940mm\/#breadcrumb\",\"itemListElement\":[{\"@type\":\"ListItem\",\"position\":1,\"name\":\"Portada\",\"item\":\"https:\/\/www.colonmontajes.com\/\"},{\"@type\":\"ListItem\",\"position\":2,\"name\":\"Tienda\",\"item\":\"https:\/\/www.colonmontajes.com\/index.php\/tienda\/\"},{\"@type\":\"ListItem\",\"position\":3,\"name\":\"ARMARIO CONGELACION PUERTA DE ACERO 654\u00d7800\u00d71940mm\"}]},{\"@type\":\"WebSite\",\"@id\":\"https:\/\/www.colonmontajes.com\/#website\",\"url\":\"https:\/\/www.colonmontajes.com\/\",\"name\":\"Col\u00f3n Montajes\",\"description\":\"Expertos en equipamiento de maquinaria de hosteler\u00eda\",\"potentialAction\":[{\"@type\":\"SearchAction\",\"target\":{\"@type\":\"EntryPoint\",\"urlTemplate\":\"https:\/\/www.colonmontajes.com\/?s={search_term_string}\"},\"query-input\":{\"@type\":\"PropertyValueSpecification\",\"valueRequired\":true,\"valueName\":\"search_term_string\"}}],\"inLanguage\":\"es\"}]}<\/script>\n<!-- \/ Yoast SEO plugin. -->","yoast_head_json":{"title":"ARMARIO CONGELACION PUERTA DE ACERO  654\u00d7800\u00d71940mm - Col\u00f3n Montajes","robots":{"index":"index","follow":"follow","max-snippet":"max-snippet:-1","max-image-preview":"max-image-preview:large","max-video-preview":"max-video-preview:-1"},"canonical":"https:\/\/www.colonmontajes.com\/index.php\/product\/armario-congelacion-puerta-de-acero-654x800x1940mm\/","og_locale":"es_ES","og_type":"article","og_title":"ARMARIO CONGELACION PUERTA DE ACERO  654\u00d7800\u00d71940mm - Col\u00f3n Montajes","og_description":"Caracter\u00edsticas &nbsp; Exterior e interior de acero inoxidable Controlador electr\u00f3nico de temperatura Luz(es) interior(es) LED Tirador(es) de puerta empotrado(s) Cerradura(s) de puerta est\u00e1ndar Junta(s) de puerta magn\u00e9tica(s) Ruedas preinstaladas Estantes preinstalados por secci\u00f3n Refrigeraci\u00f3n por conductos descendentes para garantizar una distribuci\u00f3n uniforme del aire Soporte de pared (necesario para su uso) ipo de producto Freezer Cooling Method Tipo de refrigeraci\u00f3n Ventilated\/ventilado Doors Puertas 1 Defrost Method Descongelar Hot Gas Defrost \/Descongelaci\u00f3n con gas caliente Temperature (\u2103) Temperatura-22\uff5e-18 Refrigerant Gas refrigerante R290 Climate temperature Temperatura ambiente 40\u2103 40% Refrigerant Amount (g) Cantidad de gas 60 Gross Volume (L) Capacidad bruta 488 Climate type Clase clim\u00e1tica 5 Net Volume (L) Capacidad neta 430 Exterior Dimensions (body) (mm) Dimensiones del cuerpo de la m\u00e1quina 654\u00d7800\u00d71940 Shelf QTY Rejillas suministradas 3,4 Height with Leg and upstand approx.(mm) Altura incluyendo pies ajustables y tope approx. Shelf Dimensions (mm) Tama\u00f1o de cuadr\u00edcula 530\u00d7650 Height with Castor (mm) Altura incluyendo ruedas 2065(4&#8242;) Loading capacity per shelf (kg) Carga m\u00e1xima por rejilla 40 Interior Dimensions (mm) Dimensiones internas 534\u00d7635\u00d71510 Insulation thickness (mm) Aislamiento 60 Wood Packing Dimensions (mm) Dimensiones del embalaje 710\u00d7860\u00d72110 Foaming Material Material aislante C5H10 Net Weight (kg) Peso neto 100 LED Lights luces LED SI Gross Weight (kg) Peso bruto 120 Power (W) Podencia 540 Voltage (V\/Hz\/Ph) Voltaje 220-240\/50\/1 Power consumption (kWh\/24h) Consumo 5,9 Auxiliary Heater (W) Calentador auxiliar Annual energy consumption (kWh\/annum) Consumo annual 2153,5 Energy efficiency class Clase energ\u00e9tica D Rated Current (A) Corriente nominal 3,4 Thermostat Modelo de termostato Carel Compressor Brand Compresor Donper Compressor Model Modelo de compresor K480CU","og_url":"https:\/\/www.colonmontajes.com\/index.php\/product\/armario-congelacion-puerta-de-acero-654x800x1940mm\/","og_site_name":"Col\u00f3n Montajes","article_modified_time":"2025-02-12T08:15:33+00:00","og_image":[{"width":293,"height":567,"url":"https:\/\/www.colonmontajes.com\/wp-content\/uploads\/2025\/02\/ARMARIO-REFRIGERACION-CON-PUERTA-DE-ACERO-ABIERTO.jpg","type":"image\/jpeg"}],"twitter_card":"summary_large_image","twitter_misc":{"Tiempo de lectura":"1 minuto"},"schema":{"@context":"https:\/\/schema.org","@graph":[{"@type":"WebPage","@id":"https:\/\/www.colonmontajes.com\/index.php\/product\/armario-congelacion-puerta-de-acero-654x800x1940mm\/","url":"https:\/\/www.colonmontajes.com\/index.php\/product\/armario-congelacion-puerta-de-acero-654x800x1940mm\/","name":"ARMARIO CONGELACION PUERTA DE ACERO 654\u00d7800\u00d71940mm - Col\u00f3n Montajes","isPartOf":{"@id":"https:\/\/www.colonmontajes.com\/#website"},"primaryImageOfPage":{"@id":"https:\/\/www.colonmontajes.com\/index.php\/product\/armario-congelacion-puerta-de-acero-654x800x1940mm\/#primaryimage"},"image":{"@id":"https:\/\/www.colonmontajes.com\/index.php\/product\/armario-congelacion-puerta-de-acero-654x800x1940mm\/#primaryimage"},"thumbnailUrl":"https:\/\/www.colonmontajes.com\/wp-content\/uploads\/2025\/02\/ARMARIO-REFRIGERACION-CON-PUERTA-DE-ACERO-ABIERTO.jpg","datePublished":"2025-02-12T08:12:40+00:00","dateModified":"2025-02-12T08:15:33+00:00","breadcrumb":{"@id":"https:\/\/www.colonmontajes.com\/index.php\/product\/armario-congelacion-puerta-de-acero-654x800x1940mm\/#breadcrumb"},"inLanguage":"es","potentialAction":[{"@type":"ReadAction","target":["https:\/\/www.colonmontajes.com\/index.php\/product\/armario-congelacion-puerta-de-acero-654x800x1940mm\/"]}]},{"@type":"ImageObject","inLanguage":"es","@id":"https:\/\/www.colonmontajes.com\/index.php\/product\/armario-congelacion-puerta-de-acero-654x800x1940mm\/#primaryimage","url":"https:\/\/www.colonmontajes.com\/wp-content\/uploads\/2025\/02\/ARMARIO-REFRIGERACION-CON-PUERTA-DE-ACERO-ABIERTO.jpg","contentUrl":"https:\/\/www.colonmontajes.com\/wp-content\/uploads\/2025\/02\/ARMARIO-REFRIGERACION-CON-PUERTA-DE-ACERO-ABIERTO.jpg","width":293,"height":567},{"@type":"BreadcrumbList","@id":"https:\/\/www.colonmontajes.com\/index.php\/product\/armario-congelacion-puerta-de-acero-654x800x1940mm\/#breadcrumb","itemListElement":[{"@type":"ListItem","position":1,"name":"Portada","item":"https:\/\/www.colonmontajes.com\/"},{"@type":"ListItem","position":2,"name":"Tienda","item":"https:\/\/www.colonmontajes.com\/index.php\/tienda\/"},{"@type":"ListItem","position":3,"name":"ARMARIO CONGELACION PUERTA DE ACERO 654\u00d7800\u00d71940mm"}]},{"@type":"WebSite","@id":"https:\/\/www.colonmontajes.com\/#website","url":"https:\/\/www.colonmontajes.com\/","name":"Col\u00f3n Montajes","description":"Expertos en equipamiento de maquinaria de hosteler\u00eda","potentialAction":[{"@type":"SearchAction","target":{"@type":"EntryPoint","urlTemplate":"https:\/\/www.colonmontajes.com\/?s={search_term_string}"},"query-input":{"@type":"PropertyValueSpecification","valueRequired":true,"valueName":"search_term_string"}}],"inLanguage":"es"}]}},"_links":{"self":[{"href":"https:\/\/www.colonmontajes.com\/index.php\/wp-json\/wp\/v2\/product\/2343","targetHints":{"allow":["GET"]}}],"collection":[{"href":"https:\/\/www.colonmontajes.com\/index.php\/wp-json\/wp\/v2\/product"}],"about":[{"href":"https:\/\/www.colonmontajes.com\/index.php\/wp-json\/wp\/v2\/types\/product"}],"wp:featuredmedia":[{"embeddable":true,"href":"https:\/\/www.colonmontajes.com\/index.php\/wp-json\/wp\/v2\/media\/2341"}],"wp:attachment":[{"href":"https:\/\/www.colonmontajes.com\/index.php\/wp-json\/wp\/v2\/media?parent=2343"}],"wp:term":[{"taxonomy":"product_brand","embeddable":true,"href":"https:\/\/www.colonmontajes.com\/index.php\/wp-json\/wp\/v2\/product_brand?post=2343"},{"taxonomy":"product_cat","embeddable":true,"href":"https:\/\/www.colonmontajes.com\/index.php\/wp-json\/wp\/v2\/product_cat?post=2343"},{"taxonomy":"product_tag","embeddable":true,"href":"https:\/\/www.colonmontajes.com\/index.php\/wp-json\/wp\/v2\/product_tag?post=2343"}],"curies":[{"name":"wp","href":"https:\/\/api.w.org\/{rel}","templated":true}]}}