{"id":2330,"date":"2025-02-11T09:17:16","date_gmt":"2025-02-11T09:17:16","guid":{"rendered":"https:\/\/www.colonmontajes.com\/?post_type=product&#038;p=2330"},"modified":"2025-02-11T09:18:25","modified_gmt":"2025-02-11T09:18:25","slug":"vitrina-ingredientes-refrigerada-4-cubetas-1205x395x465mm","status":"publish","type":"product","link":"https:\/\/www.colonmontajes.com\/index.php\/product\/vitrina-ingredientes-refrigerada-4-cubetas-1205x395x465mm\/","title":{"rendered":"VITRINA INGREDIENTES REFRIGERADA 4 CUBETAS  1205\u00d7395\u00d7465mm"},"content":{"rendered":"<p>Caracter\u00edsticas<\/p>\n<p>&nbsp;<\/p>\n<ul class=\"fusion-checklist fusion-checklist-1 fusion-checklist-default type-icons\">\n<li class=\"fusion-li-item\"><i class=\"fusion-li-icon fa fa-check\" aria-hidden=\"true\"><\/i>\n<div class=\"fusion-li-item-content\">Pie suministrado<\/div>\n<\/li>\n<li class=\"fusion-li-item\"><i class=\"fusion-li-icon fa fa-check\" aria-hidden=\"true\"><\/i>\n<div class=\"fusion-li-item-content\">Compatible con GN 1\/3 y 1\/4. Profundidad m\u00e1xima 150mm<\/div>\n<\/li>\n<li class=\"fusion-li-item\"><i class=\"fusion-li-icon fa fa-check\" aria-hidden=\"true\"><\/i>\n<div class=\"fusion-li-item-content\">L\u00ednea Verde. Gas refrigerante R290 \/ R600<\/div>\n<\/li>\n<\/ul>\n","protected":false},"excerpt":{"rendered":"<p>Caracter\u00edsticas &nbsp; Pie suministrado Compatible con GN 1\/3 y 1\/4. Profundidad m\u00e1xima 150mm L\u00ednea Verde. Gas refrigerante R290 \/ R600<\/p>\n","protected":false},"featured_media":2331,"template":"","meta":[],"product_brand":[],"product_cat":[52,34,45],"product_tag":[51],"class_list":{"0":"post-2330","1":"product","2":"type-product","3":"status-publish","4":"has-post-thumbnail","6":"product_cat-ofertas","7":"product_cat-frio-comercial","8":"product_cat-super-rebajado","9":"product_tag-economico","11":"first","12":"instock","13":"sale","14":"taxable","15":"shipping-taxable","16":"purchasable","17":"product-type-simple"},"yoast_head":"<!-- This site is optimized with the Yoast SEO plugin v25.4 - https:\/\/yoast.com\/wordpress\/plugins\/seo\/ -->\n<title>VITRINA INGREDIENTES REFRIGERADA 4 CUBETAS 1205\u00d7395\u00d7465mm - Col\u00f3n Montajes<\/title>\n<meta name=\"robots\" content=\"index, follow, max-snippet:-1, max-image-preview:large, max-video-preview:-1\" \/>\n<link rel=\"canonical\" href=\"https:\/\/www.colonmontajes.com\/index.php\/product\/vitrina-ingredientes-refrigerada-4-cubetas-1205x395x465mm\/\" \/>\n<meta property=\"og:locale\" content=\"es_ES\" \/>\n<meta property=\"og:type\" content=\"article\" \/>\n<meta property=\"og:title\" content=\"VITRINA INGREDIENTES REFRIGERADA 4 CUBETAS 1205\u00d7395\u00d7465mm - Col\u00f3n Montajes\" \/>\n<meta property=\"og:description\" content=\"Caracter\u00edsticas &nbsp; Pie suministrado Compatible con GN 1\/3 y 1\/4. Profundidad m\u00e1xima 150mm L\u00ednea Verde. Gas refrigerante R290 \/ R600\" \/>\n<meta property=\"og:url\" content=\"https:\/\/www.colonmontajes.com\/index.php\/product\/vitrina-ingredientes-refrigerada-4-cubetas-1205x395x465mm\/\" \/>\n<meta property=\"og:site_name\" content=\"Col\u00f3n Montajes\" \/>\n<meta property=\"article:modified_time\" content=\"2025-02-11T09:18:25+00:00\" \/>\n<meta property=\"og:image\" content=\"https:\/\/www.colonmontajes.com\/wp-content\/uploads\/2025\/02\/VITRINA-INGREDIENTES-REFRIGERADA.jpg\" \/>\n\t<meta property=\"og:image:width\" content=\"445\" \/>\n\t<meta property=\"og:image:height\" content=\"254\" \/>\n\t<meta property=\"og:image:type\" content=\"image\/jpeg\" \/>\n<meta name=\"twitter:card\" content=\"summary_large_image\" \/>\n<script type=\"application\/ld+json\" class=\"yoast-schema-graph\">{\"@context\":\"https:\/\/schema.org\",\"@graph\":[{\"@type\":\"WebPage\",\"@id\":\"https:\/\/www.colonmontajes.com\/index.php\/product\/vitrina-ingredientes-refrigerada-4-cubetas-1205x395x465mm\/\",\"url\":\"https:\/\/www.colonmontajes.com\/index.php\/product\/vitrina-ingredientes-refrigerada-4-cubetas-1205x395x465mm\/\",\"name\":\"VITRINA INGREDIENTES REFRIGERADA 4 CUBETAS 1205\u00d7395\u00d7465mm - Col\u00f3n Montajes\",\"isPartOf\":{\"@id\":\"https:\/\/www.colonmontajes.com\/#website\"},\"primaryImageOfPage\":{\"@id\":\"https:\/\/www.colonmontajes.com\/index.php\/product\/vitrina-ingredientes-refrigerada-4-cubetas-1205x395x465mm\/#primaryimage\"},\"image\":{\"@id\":\"https:\/\/www.colonmontajes.com\/index.php\/product\/vitrina-ingredientes-refrigerada-4-cubetas-1205x395x465mm\/#primaryimage\"},\"thumbnailUrl\":\"https:\/\/www.colonmontajes.com\/wp-content\/uploads\/2025\/02\/VITRINA-INGREDIENTES-REFRIGERADA.jpg\",\"datePublished\":\"2025-02-11T09:17:16+00:00\",\"dateModified\":\"2025-02-11T09:18:25+00:00\",\"breadcrumb\":{\"@id\":\"https:\/\/www.colonmontajes.com\/index.php\/product\/vitrina-ingredientes-refrigerada-4-cubetas-1205x395x465mm\/#breadcrumb\"},\"inLanguage\":\"es\",\"potentialAction\":[{\"@type\":\"ReadAction\",\"target\":[\"https:\/\/www.colonmontajes.com\/index.php\/product\/vitrina-ingredientes-refrigerada-4-cubetas-1205x395x465mm\/\"]}]},{\"@type\":\"ImageObject\",\"inLanguage\":\"es\",\"@id\":\"https:\/\/www.colonmontajes.com\/index.php\/product\/vitrina-ingredientes-refrigerada-4-cubetas-1205x395x465mm\/#primaryimage\",\"url\":\"https:\/\/www.colonmontajes.com\/wp-content\/uploads\/2025\/02\/VITRINA-INGREDIENTES-REFRIGERADA.jpg\",\"contentUrl\":\"https:\/\/www.colonmontajes.com\/wp-content\/uploads\/2025\/02\/VITRINA-INGREDIENTES-REFRIGERADA.jpg\",\"width\":445,\"height\":254},{\"@type\":\"BreadcrumbList\",\"@id\":\"https:\/\/www.colonmontajes.com\/index.php\/product\/vitrina-ingredientes-refrigerada-4-cubetas-1205x395x465mm\/#breadcrumb\",\"itemListElement\":[{\"@type\":\"ListItem\",\"position\":1,\"name\":\"Portada\",\"item\":\"https:\/\/www.colonmontajes.com\/\"},{\"@type\":\"ListItem\",\"position\":2,\"name\":\"Tienda\",\"item\":\"https:\/\/www.colonmontajes.com\/index.php\/tienda\/\"},{\"@type\":\"ListItem\",\"position\":3,\"name\":\"VITRINA INGREDIENTES REFRIGERADA 4 CUBETAS 1205\u00d7395\u00d7465mm\"}]},{\"@type\":\"WebSite\",\"@id\":\"https:\/\/www.colonmontajes.com\/#website\",\"url\":\"https:\/\/www.colonmontajes.com\/\",\"name\":\"Col\u00f3n Montajes\",\"description\":\"Expertos en equipamiento de maquinaria de hosteler\u00eda\",\"potentialAction\":[{\"@type\":\"SearchAction\",\"target\":{\"@type\":\"EntryPoint\",\"urlTemplate\":\"https:\/\/www.colonmontajes.com\/?s={search_term_string}\"},\"query-input\":{\"@type\":\"PropertyValueSpecification\",\"valueRequired\":true,\"valueName\":\"search_term_string\"}}],\"inLanguage\":\"es\"}]}<\/script>\n<!-- \/ Yoast SEO plugin. -->","yoast_head_json":{"title":"VITRINA INGREDIENTES REFRIGERADA 4 CUBETAS 1205\u00d7395\u00d7465mm - Col\u00f3n Montajes","robots":{"index":"index","follow":"follow","max-snippet":"max-snippet:-1","max-image-preview":"max-image-preview:large","max-video-preview":"max-video-preview:-1"},"canonical":"https:\/\/www.colonmontajes.com\/index.php\/product\/vitrina-ingredientes-refrigerada-4-cubetas-1205x395x465mm\/","og_locale":"es_ES","og_type":"article","og_title":"VITRINA INGREDIENTES REFRIGERADA 4 CUBETAS 1205\u00d7395\u00d7465mm - Col\u00f3n Montajes","og_description":"Caracter\u00edsticas &nbsp; Pie suministrado Compatible con GN 1\/3 y 1\/4. Profundidad m\u00e1xima 150mm L\u00ednea Verde. Gas refrigerante R290 \/ R600","og_url":"https:\/\/www.colonmontajes.com\/index.php\/product\/vitrina-ingredientes-refrigerada-4-cubetas-1205x395x465mm\/","og_site_name":"Col\u00f3n Montajes","article_modified_time":"2025-02-11T09:18:25+00:00","og_image":[{"width":445,"height":254,"url":"https:\/\/www.colonmontajes.com\/wp-content\/uploads\/2025\/02\/VITRINA-INGREDIENTES-REFRIGERADA.jpg","type":"image\/jpeg"}],"twitter_card":"summary_large_image","schema":{"@context":"https:\/\/schema.org","@graph":[{"@type":"WebPage","@id":"https:\/\/www.colonmontajes.com\/index.php\/product\/vitrina-ingredientes-refrigerada-4-cubetas-1205x395x465mm\/","url":"https:\/\/www.colonmontajes.com\/index.php\/product\/vitrina-ingredientes-refrigerada-4-cubetas-1205x395x465mm\/","name":"VITRINA INGREDIENTES REFRIGERADA 4 CUBETAS 1205\u00d7395\u00d7465mm - Col\u00f3n Montajes","isPartOf":{"@id":"https:\/\/www.colonmontajes.com\/#website"},"primaryImageOfPage":{"@id":"https:\/\/www.colonmontajes.com\/index.php\/product\/vitrina-ingredientes-refrigerada-4-cubetas-1205x395x465mm\/#primaryimage"},"image":{"@id":"https:\/\/www.colonmontajes.com\/index.php\/product\/vitrina-ingredientes-refrigerada-4-cubetas-1205x395x465mm\/#primaryimage"},"thumbnailUrl":"https:\/\/www.colonmontajes.com\/wp-content\/uploads\/2025\/02\/VITRINA-INGREDIENTES-REFRIGERADA.jpg","datePublished":"2025-02-11T09:17:16+00:00","dateModified":"2025-02-11T09:18:25+00:00","breadcrumb":{"@id":"https:\/\/www.colonmontajes.com\/index.php\/product\/vitrina-ingredientes-refrigerada-4-cubetas-1205x395x465mm\/#breadcrumb"},"inLanguage":"es","potentialAction":[{"@type":"ReadAction","target":["https:\/\/www.colonmontajes.com\/index.php\/product\/vitrina-ingredientes-refrigerada-4-cubetas-1205x395x465mm\/"]}]},{"@type":"ImageObject","inLanguage":"es","@id":"https:\/\/www.colonmontajes.com\/index.php\/product\/vitrina-ingredientes-refrigerada-4-cubetas-1205x395x465mm\/#primaryimage","url":"https:\/\/www.colonmontajes.com\/wp-content\/uploads\/2025\/02\/VITRINA-INGREDIENTES-REFRIGERADA.jpg","contentUrl":"https:\/\/www.colonmontajes.com\/wp-content\/uploads\/2025\/02\/VITRINA-INGREDIENTES-REFRIGERADA.jpg","width":445,"height":254},{"@type":"BreadcrumbList","@id":"https:\/\/www.colonmontajes.com\/index.php\/product\/vitrina-ingredientes-refrigerada-4-cubetas-1205x395x465mm\/#breadcrumb","itemListElement":[{"@type":"ListItem","position":1,"name":"Portada","item":"https:\/\/www.colonmontajes.com\/"},{"@type":"ListItem","position":2,"name":"Tienda","item":"https:\/\/www.colonmontajes.com\/index.php\/tienda\/"},{"@type":"ListItem","position":3,"name":"VITRINA INGREDIENTES REFRIGERADA 4 CUBETAS 1205\u00d7395\u00d7465mm"}]},{"@type":"WebSite","@id":"https:\/\/www.colonmontajes.com\/#website","url":"https:\/\/www.colonmontajes.com\/","name":"Col\u00f3n Montajes","description":"Expertos en equipamiento de maquinaria de hosteler\u00eda","potentialAction":[{"@type":"SearchAction","target":{"@type":"EntryPoint","urlTemplate":"https:\/\/www.colonmontajes.com\/?s={search_term_string}"},"query-input":{"@type":"PropertyValueSpecification","valueRequired":true,"valueName":"search_term_string"}}],"inLanguage":"es"}]}},"_links":{"self":[{"href":"https:\/\/www.colonmontajes.com\/index.php\/wp-json\/wp\/v2\/product\/2330","targetHints":{"allow":["GET"]}}],"collection":[{"href":"https:\/\/www.colonmontajes.com\/index.php\/wp-json\/wp\/v2\/product"}],"about":[{"href":"https:\/\/www.colonmontajes.com\/index.php\/wp-json\/wp\/v2\/types\/product"}],"wp:featuredmedia":[{"embeddable":true,"href":"https:\/\/www.colonmontajes.com\/index.php\/wp-json\/wp\/v2\/media\/2331"}],"wp:attachment":[{"href":"https:\/\/www.colonmontajes.com\/index.php\/wp-json\/wp\/v2\/media?parent=2330"}],"wp:term":[{"taxonomy":"product_brand","embeddable":true,"href":"https:\/\/www.colonmontajes.com\/index.php\/wp-json\/wp\/v2\/product_brand?post=2330"},{"taxonomy":"product_cat","embeddable":true,"href":"https:\/\/www.colonmontajes.com\/index.php\/wp-json\/wp\/v2\/product_cat?post=2330"},{"taxonomy":"product_tag","embeddable":true,"href":"https:\/\/www.colonmontajes.com\/index.php\/wp-json\/wp\/v2\/product_tag?post=2330"}],"curies":[{"name":"wp","href":"https:\/\/api.w.org\/{rel}","templated":true}]}}