{"id":1911,"date":"2024-03-19T14:11:27","date_gmt":"2024-03-19T14:11:27","guid":{"rendered":"https:\/\/www.colonmontajes.com\/?post_type=product&#038;p=1911"},"modified":"2024-03-19T14:11:27","modified_gmt":"2024-03-19T14:11:27","slug":"armario-expositor-de-vino-w50","status":"publish","type":"product","link":"https:\/\/www.colonmontajes.com\/index.php\/product\/armario-expositor-de-vino-w50\/","title":{"rendered":"Armario expositor de vino W50"},"content":{"rendered":"<ul>\n<li>Cava de vino de gran capacidad con dos zonas de temperatura controlada independientes.<\/li>\n<li>Exterior e interior en chapa de acero plastificada negra.<\/li>\n<li>Puerta de cristal montada sobre marco de acero inoxidable con apertura a derechas pudiendo cambiar el sentido de giro de la misma.<\/li>\n<li>Indicador LED que muestra si la temperatura es adecuada para cava\/champ\u00e1n, vino blanco o tinto.<\/li>\n<li>Control de temperatura electr\u00f3nico con pantalla t\u00e1ctil regulable de 5 a 20\u00b0C<\/li>\n<li>Sistema de enfriamiento din\u00e1mico aue logra una temperatura interior uniforme. sin escarcha.<\/li>\n<li>Descongelaci\u00f3n autom\u00e1tica.<\/li>\n<li>Compresor en la base con vibraci\u00f3n reducida para el ruido m\u00e1s bajo (&lt;35 dBa).<\/li>\n<li>Ventiladores activos por cada zona para garantizar una temperatura muy uniforme.<\/li>\n<li>Evaporaci\u00f3n de condensados autom\u00e1tica.<\/li>\n<li>Aislamiento en poliuretano inyectado con densidad de 40 Kg\/m.<\/li>\n<li>Gas ecol\u00f3gico R600a, no da\u00f1a el ozono.<\/li>\n<li>Luces LED en el interior.<\/li>\n<li>Dise\u00f1o elegante con puerta de vidrio v mango ergon\u00f3mico<\/li>\n<li>Vidrio marr\u00f3n con filtro anti-UV para una \u00f3ptima protecci\u00f3n del aroma.<\/li>\n<li>Estantes de madera extraibles montados sobre coiinetes de bolas (excento el modelo W-50).<\/li>\n<li>Desaq\u00fce interior para evacuaci\u00f3n de cualquier vertido y facilitar su limpieza.<\/li>\n<li>Equipado con cerradura.<\/li>\n<li>Fabricado con tecnolog\u00eda de alta calidad.<\/li>\n<li>Certificado CE\/ CB\/RoHs\/SASO<\/li>\n<li>Clase energ\u00e9tica: G<\/li>\n<li>Voltaje: 220 &#8211; 240V<\/li>\n<\/ul>\n","protected":false},"excerpt":{"rendered":"<ul>\n<li>Modelo: W-50<\/li>\n<li>Estantes: 6<\/li>\n<li>Capacidad L: 150<\/li>\n<li>Capacidad botellas: 48<\/li>\n<li>Temperatura: +5 \/ +20 \u00baC<\/li>\n<li>Consumo (kW\/24h): 0,68<\/li>\n<\/ul>\n","protected":false},"featured_media":1912,"template":"","meta":[],"product_brand":[],"product_cat":[37],"product_tag":[],"class_list":{"0":"post-1911","1":"product","2":"type-product","3":"status-publish","4":"has-post-thumbnail","6":"product_cat-cavas-de-vino","8":"first","9":"instock","10":"taxable","11":"shipping-taxable","12":"purchasable","13":"product-type-simple"},"yoast_head":"<!-- This site is optimized with the Yoast SEO plugin v25.4 - https:\/\/yoast.com\/wordpress\/plugins\/seo\/ -->\n<title>Armario expositor de vino W50 - Col\u00f3n Montajes<\/title>\n<meta name=\"robots\" content=\"index, follow, max-snippet:-1, max-image-preview:large, max-video-preview:-1\" \/>\n<link rel=\"canonical\" href=\"https:\/\/www.colonmontajes.com\/index.php\/product\/armario-expositor-de-vino-w50\/\" \/>\n<meta property=\"og:locale\" content=\"es_ES\" \/>\n<meta property=\"og:type\" content=\"article\" \/>\n<meta property=\"og:title\" content=\"Armario expositor de vino W50 - Col\u00f3n Montajes\" \/>\n<meta property=\"og:description\" content=\"Modelo: W-50  Estantes: 6  Capacidad L: 150  Capacidad botellas: 48  Temperatura: +5 \/ +20 \u00baC  Consumo (kW\/24h): 0,68\" \/>\n<meta property=\"og:url\" content=\"https:\/\/www.colonmontajes.com\/index.php\/product\/armario-expositor-de-vino-w50\/\" \/>\n<meta property=\"og:site_name\" content=\"Col\u00f3n Montajes\" \/>\n<meta property=\"og:image\" content=\"https:\/\/www.colonmontajes.com\/wp-content\/uploads\/2024\/03\/Cavas-de-vino-1A.png\" \/>\n\t<meta property=\"og:image:width\" content=\"600\" \/>\n\t<meta property=\"og:image:height\" content=\"600\" \/>\n\t<meta property=\"og:image:type\" content=\"image\/png\" \/>\n<meta name=\"twitter:card\" content=\"summary_large_image\" \/>\n<meta name=\"twitter:label1\" content=\"Tiempo de lectura\" \/>\n\t<meta name=\"twitter:data1\" content=\"1 minuto\" \/>\n<script type=\"application\/ld+json\" class=\"yoast-schema-graph\">{\"@context\":\"https:\/\/schema.org\",\"@graph\":[{\"@type\":\"WebPage\",\"@id\":\"https:\/\/www.colonmontajes.com\/index.php\/product\/armario-expositor-de-vino-w50\/\",\"url\":\"https:\/\/www.colonmontajes.com\/index.php\/product\/armario-expositor-de-vino-w50\/\",\"name\":\"Armario expositor de vino W50 - Col\u00f3n Montajes\",\"isPartOf\":{\"@id\":\"https:\/\/www.colonmontajes.com\/#website\"},\"primaryImageOfPage\":{\"@id\":\"https:\/\/www.colonmontajes.com\/index.php\/product\/armario-expositor-de-vino-w50\/#primaryimage\"},\"image\":{\"@id\":\"https:\/\/www.colonmontajes.com\/index.php\/product\/armario-expositor-de-vino-w50\/#primaryimage\"},\"thumbnailUrl\":\"https:\/\/www.colonmontajes.com\/wp-content\/uploads\/2024\/03\/Cavas-de-vino-1A.png\",\"datePublished\":\"2024-03-19T14:11:27+00:00\",\"breadcrumb\":{\"@id\":\"https:\/\/www.colonmontajes.com\/index.php\/product\/armario-expositor-de-vino-w50\/#breadcrumb\"},\"inLanguage\":\"es\",\"potentialAction\":[{\"@type\":\"ReadAction\",\"target\":[\"https:\/\/www.colonmontajes.com\/index.php\/product\/armario-expositor-de-vino-w50\/\"]}]},{\"@type\":\"ImageObject\",\"inLanguage\":\"es\",\"@id\":\"https:\/\/www.colonmontajes.com\/index.php\/product\/armario-expositor-de-vino-w50\/#primaryimage\",\"url\":\"https:\/\/www.colonmontajes.com\/wp-content\/uploads\/2024\/03\/Cavas-de-vino-1A.png\",\"contentUrl\":\"https:\/\/www.colonmontajes.com\/wp-content\/uploads\/2024\/03\/Cavas-de-vino-1A.png\",\"width\":600,\"height\":600},{\"@type\":\"BreadcrumbList\",\"@id\":\"https:\/\/www.colonmontajes.com\/index.php\/product\/armario-expositor-de-vino-w50\/#breadcrumb\",\"itemListElement\":[{\"@type\":\"ListItem\",\"position\":1,\"name\":\"Portada\",\"item\":\"https:\/\/www.colonmontajes.com\/\"},{\"@type\":\"ListItem\",\"position\":2,\"name\":\"Tienda\",\"item\":\"https:\/\/www.colonmontajes.com\/index.php\/tienda\/\"},{\"@type\":\"ListItem\",\"position\":3,\"name\":\"Armario expositor de vino W50\"}]},{\"@type\":\"WebSite\",\"@id\":\"https:\/\/www.colonmontajes.com\/#website\",\"url\":\"https:\/\/www.colonmontajes.com\/\",\"name\":\"Col\u00f3n Montajes\",\"description\":\"Expertos en equipamiento de maquinaria de hosteler\u00eda\",\"potentialAction\":[{\"@type\":\"SearchAction\",\"target\":{\"@type\":\"EntryPoint\",\"urlTemplate\":\"https:\/\/www.colonmontajes.com\/?s={search_term_string}\"},\"query-input\":{\"@type\":\"PropertyValueSpecification\",\"valueRequired\":true,\"valueName\":\"search_term_string\"}}],\"inLanguage\":\"es\"}]}<\/script>\n<!-- \/ Yoast SEO plugin. -->","yoast_head_json":{"title":"Armario expositor de vino W50 - Col\u00f3n Montajes","robots":{"index":"index","follow":"follow","max-snippet":"max-snippet:-1","max-image-preview":"max-image-preview:large","max-video-preview":"max-video-preview:-1"},"canonical":"https:\/\/www.colonmontajes.com\/index.php\/product\/armario-expositor-de-vino-w50\/","og_locale":"es_ES","og_type":"article","og_title":"Armario expositor de vino W50 - Col\u00f3n Montajes","og_description":"Modelo: W-50  Estantes: 6  Capacidad L: 150  Capacidad botellas: 48  Temperatura: +5 \/ +20 \u00baC  Consumo (kW\/24h): 0,68","og_url":"https:\/\/www.colonmontajes.com\/index.php\/product\/armario-expositor-de-vino-w50\/","og_site_name":"Col\u00f3n Montajes","og_image":[{"width":600,"height":600,"url":"https:\/\/www.colonmontajes.com\/wp-content\/uploads\/2024\/03\/Cavas-de-vino-1A.png","type":"image\/png"}],"twitter_card":"summary_large_image","twitter_misc":{"Tiempo de lectura":"1 minuto"},"schema":{"@context":"https:\/\/schema.org","@graph":[{"@type":"WebPage","@id":"https:\/\/www.colonmontajes.com\/index.php\/product\/armario-expositor-de-vino-w50\/","url":"https:\/\/www.colonmontajes.com\/index.php\/product\/armario-expositor-de-vino-w50\/","name":"Armario expositor de vino W50 - Col\u00f3n Montajes","isPartOf":{"@id":"https:\/\/www.colonmontajes.com\/#website"},"primaryImageOfPage":{"@id":"https:\/\/www.colonmontajes.com\/index.php\/product\/armario-expositor-de-vino-w50\/#primaryimage"},"image":{"@id":"https:\/\/www.colonmontajes.com\/index.php\/product\/armario-expositor-de-vino-w50\/#primaryimage"},"thumbnailUrl":"https:\/\/www.colonmontajes.com\/wp-content\/uploads\/2024\/03\/Cavas-de-vino-1A.png","datePublished":"2024-03-19T14:11:27+00:00","breadcrumb":{"@id":"https:\/\/www.colonmontajes.com\/index.php\/product\/armario-expositor-de-vino-w50\/#breadcrumb"},"inLanguage":"es","potentialAction":[{"@type":"ReadAction","target":["https:\/\/www.colonmontajes.com\/index.php\/product\/armario-expositor-de-vino-w50\/"]}]},{"@type":"ImageObject","inLanguage":"es","@id":"https:\/\/www.colonmontajes.com\/index.php\/product\/armario-expositor-de-vino-w50\/#primaryimage","url":"https:\/\/www.colonmontajes.com\/wp-content\/uploads\/2024\/03\/Cavas-de-vino-1A.png","contentUrl":"https:\/\/www.colonmontajes.com\/wp-content\/uploads\/2024\/03\/Cavas-de-vino-1A.png","width":600,"height":600},{"@type":"BreadcrumbList","@id":"https:\/\/www.colonmontajes.com\/index.php\/product\/armario-expositor-de-vino-w50\/#breadcrumb","itemListElement":[{"@type":"ListItem","position":1,"name":"Portada","item":"https:\/\/www.colonmontajes.com\/"},{"@type":"ListItem","position":2,"name":"Tienda","item":"https:\/\/www.colonmontajes.com\/index.php\/tienda\/"},{"@type":"ListItem","position":3,"name":"Armario expositor de vino W50"}]},{"@type":"WebSite","@id":"https:\/\/www.colonmontajes.com\/#website","url":"https:\/\/www.colonmontajes.com\/","name":"Col\u00f3n Montajes","description":"Expertos en equipamiento de maquinaria de hosteler\u00eda","potentialAction":[{"@type":"SearchAction","target":{"@type":"EntryPoint","urlTemplate":"https:\/\/www.colonmontajes.com\/?s={search_term_string}"},"query-input":{"@type":"PropertyValueSpecification","valueRequired":true,"valueName":"search_term_string"}}],"inLanguage":"es"}]}},"_links":{"self":[{"href":"https:\/\/www.colonmontajes.com\/index.php\/wp-json\/wp\/v2\/product\/1911","targetHints":{"allow":["GET"]}}],"collection":[{"href":"https:\/\/www.colonmontajes.com\/index.php\/wp-json\/wp\/v2\/product"}],"about":[{"href":"https:\/\/www.colonmontajes.com\/index.php\/wp-json\/wp\/v2\/types\/product"}],"wp:featuredmedia":[{"embeddable":true,"href":"https:\/\/www.colonmontajes.com\/index.php\/wp-json\/wp\/v2\/media\/1912"}],"wp:attachment":[{"href":"https:\/\/www.colonmontajes.com\/index.php\/wp-json\/wp\/v2\/media?parent=1911"}],"wp:term":[{"taxonomy":"product_brand","embeddable":true,"href":"https:\/\/www.colonmontajes.com\/index.php\/wp-json\/wp\/v2\/product_brand?post=1911"},{"taxonomy":"product_cat","embeddable":true,"href":"https:\/\/www.colonmontajes.com\/index.php\/wp-json\/wp\/v2\/product_cat?post=1911"},{"taxonomy":"product_tag","embeddable":true,"href":"https:\/\/www.colonmontajes.com\/index.php\/wp-json\/wp\/v2\/product_tag?post=1911"}],"curies":[{"name":"wp","href":"https:\/\/api.w.org\/{rel}","templated":true}]}}