{"id":1831,"date":"2024-03-18T17:02:36","date_gmt":"2024-03-18T17:02:36","guid":{"rendered":"https:\/\/www.colonmontajes.com\/?post_type=product&#038;p=1831"},"modified":"2024-05-17T09:53:15","modified_gmt":"2024-05-17T09:53:15","slug":"armario-refrigerado-de-pasteleria","status":"publish","type":"product","link":"https:\/\/www.colonmontajes.com\/index.php\/product\/armario-refrigerado-de-pasteleria\/","title":{"rendered":"Armario Refrigerado de Pasteler\u00eda"},"content":{"rendered":"<ul>\n<li>Fabricante nacional con m\u00e1s de 30 a\u00f1os de experiencia y referente en el mercado internacional.<\/li>\n<li>Fabricado en Acero inoxidable AISI-304 en interior y exterior del mueble, excepto respaldo.<\/li>\n<li>Aislamiento de poliuretano inyectado de 40 Kg\/m de densidad y 50 mm. de espesor.<\/li>\n<li>Evaporador tiro forzado de tubo de cobre y aletas de aluminio con recubrimiento anticorrosi\u00f3n.<\/li>\n<li>Control electr\u00f3nico y digital de la temperatura y del descarche CAREL.<\/li>\n<li>Evaporaci\u00f3n autom\u00e1tica del agua del descarche<\/li>\n<li>Patas de acero inoxidable regulables en altura.<\/li>\n<li>Estantes de acero plastificado con soportes de sujeci\u00f3n regulable en altura (3 parrilas por m\u00f3dulo).<\/li>\n<li>Excelente relaci\u00f3n calidad precio.<\/li>\n<li>Fiabilidad garantizada por el uso de componentes de alta calidad, compresores de bajo consumo y la optimizaci\u00f3n de los par\u00e1metros de<br \/>\nlos controles electr\u00f3nicos testados en nuestros laboratorios.<\/li>\n<li>Fondo embutido y las uniones curvas facilitan su limpieza. Cuentan con un desag\u00fce para la evacuaci\u00f3n de l\u00edquidos residuales y la puerta<br \/>\nrejilla de acceso al grupo de refrigeraci\u00f3n es extraible para facilitar su limpieza y mantenimiento.<br \/>\nPuertas con dispositivo autom\u00e1tico de cierre y fijaci\u00f3n de apertura que nos aporta ahorro de energ\u00eda y comodidad en el trabajo cotidiano.<\/li>\n<li>Equipado de serie con 17 pares de gu\u00edas y 3 estantes parrilla de 600&#215;400 mm.<\/li>\n<li>Gas refrigerante ecol\u00f3gico R-290.<\/li>\n<\/ul>\n","protected":false},"excerpt":{"rendered":"<p>Fabricante nacional con m\u00e1s de 30 a\u00f1os de experiencia y referente en el mercado internacional. Fabricado en Acero inoxidable AISI-304 en interior y exterior del mueble, excepto respaldo. Aislamiento de poliuretano inyectado de 40 Kg\/m de densidad y 50 mm. de espesor. Evaporador tiro forzado de tubo de cobre y aletas de aluminio con recubrimiento anticorrosi\u00f3n. Control electr\u00f3nico y digital de la temperatura y del descarche CAREL. Evaporaci\u00f3n autom\u00e1tica del agua del descarche Patas de acero inoxidable regulables en altura. Estantes de acero plastificado con soportes de sujeci\u00f3n regulable en altura (3 parrilas por m\u00f3dulo). Excelente relaci\u00f3n calidad precio. Fiabilidad garantizada por el uso de componentes de alta calidad, compresores de bajo consumo y la optimizaci\u00f3n de los par\u00e1metros de los controles electr\u00f3nicos testados en nuestros laboratorios. Fondo embutido y las uniones curvas facilitan su limpieza. Cuentan con un desag\u00fce para la evacuaci\u00f3n de l\u00edquidos residuales y la puerta rejilla de acceso al grupo de refrigeraci\u00f3n es extraible para facilitar su limpieza y mantenimiento. Puertas con dispositivo autom\u00e1tico de cierre y fijaci\u00f3n de apertura que nos aporta ahorro de energ\u00eda y comodidad en el trabajo cotidiano. Equipado de serie con 17 pares de gu\u00edas y 3 estantes parrilla de 600&#215;400 mm. Gas refrigerante ecol\u00f3gico R-290.<\/p>\n","protected":false},"featured_media":1834,"template":"","meta":[],"product_brand":[],"product_cat":[34],"product_tag":[],"class_list":{"0":"post-1831","1":"product","2":"type-product","3":"status-publish","4":"has-post-thumbnail","6":"product_cat-frio-comercial","8":"first","9":"instock","10":"taxable","11":"shipping-taxable","12":"purchasable","13":"product-type-variable"},"yoast_head":"<!-- This site is optimized with the Yoast SEO plugin v25.4 - https:\/\/yoast.com\/wordpress\/plugins\/seo\/ -->\n<title>Armario Refrigerado de Pasteler\u00eda - Col\u00f3n Montajes<\/title>\n<meta name=\"robots\" content=\"index, follow, max-snippet:-1, max-image-preview:large, max-video-preview:-1\" \/>\n<link rel=\"canonical\" href=\"https:\/\/www.colonmontajes.com\/index.php\/product\/armario-refrigerado-de-pasteleria\/\" \/>\n<meta property=\"og:locale\" content=\"es_ES\" \/>\n<meta property=\"og:type\" content=\"article\" \/>\n<meta property=\"og:title\" content=\"Armario Refrigerado de Pasteler\u00eda - Col\u00f3n Montajes\" \/>\n<meta property=\"og:description\" content=\"Fabricante nacional con m\u00e1s de 30 a\u00f1os de experiencia y referente en el mercado internacional. Fabricado en Acero inoxidable AISI-304 en interior y exterior del mueble, excepto respaldo. Aislamiento de poliuretano inyectado de 40 Kg\/m de densidad y 50 mm. de espesor. Evaporador tiro forzado de tubo de cobre y aletas de aluminio con recubrimiento anticorrosi\u00f3n. Control electr\u00f3nico y digital de la temperatura y del descarche CAREL. Evaporaci\u00f3n autom\u00e1tica del agua del descarche Patas de acero inoxidable regulables en altura. Estantes de acero plastificado con soportes de sujeci\u00f3n regulable en altura (3 parrilas por m\u00f3dulo). Excelente relaci\u00f3n calidad precio. Fiabilidad garantizada por el uso de componentes de alta calidad, compresores de bajo consumo y la optimizaci\u00f3n de los par\u00e1metros de los controles electr\u00f3nicos testados en nuestros laboratorios. Fondo embutido y las uniones curvas facilitan su limpieza. Cuentan con un desag\u00fce para la evacuaci\u00f3n de l\u00edquidos residuales y la puerta rejilla de acceso al grupo de refrigeraci\u00f3n es extraible para facilitar su limpieza y mantenimiento. Puertas con dispositivo autom\u00e1tico de cierre y fijaci\u00f3n de apertura que nos aporta ahorro de energ\u00eda y comodidad en el trabajo cotidiano. Equipado de serie con 17 pares de gu\u00edas y 3 estantes parrilla de 600&#215;400 mm. Gas refrigerante ecol\u00f3gico R-290.\" \/>\n<meta property=\"og:url\" content=\"https:\/\/www.colonmontajes.com\/index.php\/product\/armario-refrigerado-de-pasteleria\/\" \/>\n<meta property=\"og:site_name\" content=\"Col\u00f3n Montajes\" \/>\n<meta property=\"article:modified_time\" content=\"2024-05-17T09:53:15+00:00\" \/>\n<meta property=\"og:image\" content=\"https:\/\/www.colonmontajes.com\/wp-content\/uploads\/2024\/03\/Frio-comercial-1A.png\" \/>\n\t<meta property=\"og:image:width\" content=\"600\" \/>\n\t<meta property=\"og:image:height\" content=\"600\" \/>\n\t<meta property=\"og:image:type\" content=\"image\/png\" \/>\n<meta name=\"twitter:card\" content=\"summary_large_image\" \/>\n<meta name=\"twitter:label1\" content=\"Tiempo de lectura\" \/>\n\t<meta name=\"twitter:data1\" content=\"1 minuto\" \/>\n<script type=\"application\/ld+json\" class=\"yoast-schema-graph\">{\"@context\":\"https:\/\/schema.org\",\"@graph\":[{\"@type\":\"WebPage\",\"@id\":\"https:\/\/www.colonmontajes.com\/index.php\/product\/armario-refrigerado-de-pasteleria\/\",\"url\":\"https:\/\/www.colonmontajes.com\/index.php\/product\/armario-refrigerado-de-pasteleria\/\",\"name\":\"Armario Refrigerado de Pasteler\u00eda - Col\u00f3n Montajes\",\"isPartOf\":{\"@id\":\"https:\/\/www.colonmontajes.com\/#website\"},\"primaryImageOfPage\":{\"@id\":\"https:\/\/www.colonmontajes.com\/index.php\/product\/armario-refrigerado-de-pasteleria\/#primaryimage\"},\"image\":{\"@id\":\"https:\/\/www.colonmontajes.com\/index.php\/product\/armario-refrigerado-de-pasteleria\/#primaryimage\"},\"thumbnailUrl\":\"https:\/\/www.colonmontajes.com\/wp-content\/uploads\/2024\/03\/Frio-comercial-1A.png\",\"datePublished\":\"2024-03-18T17:02:36+00:00\",\"dateModified\":\"2024-05-17T09:53:15+00:00\",\"breadcrumb\":{\"@id\":\"https:\/\/www.colonmontajes.com\/index.php\/product\/armario-refrigerado-de-pasteleria\/#breadcrumb\"},\"inLanguage\":\"es\",\"potentialAction\":[{\"@type\":\"ReadAction\",\"target\":[\"https:\/\/www.colonmontajes.com\/index.php\/product\/armario-refrigerado-de-pasteleria\/\"]}]},{\"@type\":\"ImageObject\",\"inLanguage\":\"es\",\"@id\":\"https:\/\/www.colonmontajes.com\/index.php\/product\/armario-refrigerado-de-pasteleria\/#primaryimage\",\"url\":\"https:\/\/www.colonmontajes.com\/wp-content\/uploads\/2024\/03\/Frio-comercial-1A.png\",\"contentUrl\":\"https:\/\/www.colonmontajes.com\/wp-content\/uploads\/2024\/03\/Frio-comercial-1A.png\",\"width\":600,\"height\":600},{\"@type\":\"BreadcrumbList\",\"@id\":\"https:\/\/www.colonmontajes.com\/index.php\/product\/armario-refrigerado-de-pasteleria\/#breadcrumb\",\"itemListElement\":[{\"@type\":\"ListItem\",\"position\":1,\"name\":\"Portada\",\"item\":\"https:\/\/www.colonmontajes.com\/\"},{\"@type\":\"ListItem\",\"position\":2,\"name\":\"Tienda\",\"item\":\"https:\/\/www.colonmontajes.com\/index.php\/tienda\/\"},{\"@type\":\"ListItem\",\"position\":3,\"name\":\"Armario Refrigerado de Pasteler\u00eda\"}]},{\"@type\":\"WebSite\",\"@id\":\"https:\/\/www.colonmontajes.com\/#website\",\"url\":\"https:\/\/www.colonmontajes.com\/\",\"name\":\"Col\u00f3n Montajes\",\"description\":\"Expertos en equipamiento de maquinaria de hosteler\u00eda\",\"potentialAction\":[{\"@type\":\"SearchAction\",\"target\":{\"@type\":\"EntryPoint\",\"urlTemplate\":\"https:\/\/www.colonmontajes.com\/?s={search_term_string}\"},\"query-input\":{\"@type\":\"PropertyValueSpecification\",\"valueRequired\":true,\"valueName\":\"search_term_string\"}}],\"inLanguage\":\"es\"}]}<\/script>\n<!-- \/ Yoast SEO plugin. -->","yoast_head_json":{"title":"Armario Refrigerado de Pasteler\u00eda - Col\u00f3n Montajes","robots":{"index":"index","follow":"follow","max-snippet":"max-snippet:-1","max-image-preview":"max-image-preview:large","max-video-preview":"max-video-preview:-1"},"canonical":"https:\/\/www.colonmontajes.com\/index.php\/product\/armario-refrigerado-de-pasteleria\/","og_locale":"es_ES","og_type":"article","og_title":"Armario Refrigerado de Pasteler\u00eda - Col\u00f3n Montajes","og_description":"Fabricante nacional con m\u00e1s de 30 a\u00f1os de experiencia y referente en el mercado internacional. Fabricado en Acero inoxidable AISI-304 en interior y exterior del mueble, excepto respaldo. Aislamiento de poliuretano inyectado de 40 Kg\/m de densidad y 50 mm. de espesor. Evaporador tiro forzado de tubo de cobre y aletas de aluminio con recubrimiento anticorrosi\u00f3n. Control electr\u00f3nico y digital de la temperatura y del descarche CAREL. Evaporaci\u00f3n autom\u00e1tica del agua del descarche Patas de acero inoxidable regulables en altura. Estantes de acero plastificado con soportes de sujeci\u00f3n regulable en altura (3 parrilas por m\u00f3dulo). Excelente relaci\u00f3n calidad precio. Fiabilidad garantizada por el uso de componentes de alta calidad, compresores de bajo consumo y la optimizaci\u00f3n de los par\u00e1metros de los controles electr\u00f3nicos testados en nuestros laboratorios. Fondo embutido y las uniones curvas facilitan su limpieza. Cuentan con un desag\u00fce para la evacuaci\u00f3n de l\u00edquidos residuales y la puerta rejilla de acceso al grupo de refrigeraci\u00f3n es extraible para facilitar su limpieza y mantenimiento. Puertas con dispositivo autom\u00e1tico de cierre y fijaci\u00f3n de apertura que nos aporta ahorro de energ\u00eda y comodidad en el trabajo cotidiano. Equipado de serie con 17 pares de gu\u00edas y 3 estantes parrilla de 600&#215;400 mm. Gas refrigerante ecol\u00f3gico R-290.","og_url":"https:\/\/www.colonmontajes.com\/index.php\/product\/armario-refrigerado-de-pasteleria\/","og_site_name":"Col\u00f3n Montajes","article_modified_time":"2024-05-17T09:53:15+00:00","og_image":[{"width":600,"height":600,"url":"https:\/\/www.colonmontajes.com\/wp-content\/uploads\/2024\/03\/Frio-comercial-1A.png","type":"image\/png"}],"twitter_card":"summary_large_image","twitter_misc":{"Tiempo de lectura":"1 minuto"},"schema":{"@context":"https:\/\/schema.org","@graph":[{"@type":"WebPage","@id":"https:\/\/www.colonmontajes.com\/index.php\/product\/armario-refrigerado-de-pasteleria\/","url":"https:\/\/www.colonmontajes.com\/index.php\/product\/armario-refrigerado-de-pasteleria\/","name":"Armario Refrigerado de Pasteler\u00eda - Col\u00f3n Montajes","isPartOf":{"@id":"https:\/\/www.colonmontajes.com\/#website"},"primaryImageOfPage":{"@id":"https:\/\/www.colonmontajes.com\/index.php\/product\/armario-refrigerado-de-pasteleria\/#primaryimage"},"image":{"@id":"https:\/\/www.colonmontajes.com\/index.php\/product\/armario-refrigerado-de-pasteleria\/#primaryimage"},"thumbnailUrl":"https:\/\/www.colonmontajes.com\/wp-content\/uploads\/2024\/03\/Frio-comercial-1A.png","datePublished":"2024-03-18T17:02:36+00:00","dateModified":"2024-05-17T09:53:15+00:00","breadcrumb":{"@id":"https:\/\/www.colonmontajes.com\/index.php\/product\/armario-refrigerado-de-pasteleria\/#breadcrumb"},"inLanguage":"es","potentialAction":[{"@type":"ReadAction","target":["https:\/\/www.colonmontajes.com\/index.php\/product\/armario-refrigerado-de-pasteleria\/"]}]},{"@type":"ImageObject","inLanguage":"es","@id":"https:\/\/www.colonmontajes.com\/index.php\/product\/armario-refrigerado-de-pasteleria\/#primaryimage","url":"https:\/\/www.colonmontajes.com\/wp-content\/uploads\/2024\/03\/Frio-comercial-1A.png","contentUrl":"https:\/\/www.colonmontajes.com\/wp-content\/uploads\/2024\/03\/Frio-comercial-1A.png","width":600,"height":600},{"@type":"BreadcrumbList","@id":"https:\/\/www.colonmontajes.com\/index.php\/product\/armario-refrigerado-de-pasteleria\/#breadcrumb","itemListElement":[{"@type":"ListItem","position":1,"name":"Portada","item":"https:\/\/www.colonmontajes.com\/"},{"@type":"ListItem","position":2,"name":"Tienda","item":"https:\/\/www.colonmontajes.com\/index.php\/tienda\/"},{"@type":"ListItem","position":3,"name":"Armario Refrigerado de Pasteler\u00eda"}]},{"@type":"WebSite","@id":"https:\/\/www.colonmontajes.com\/#website","url":"https:\/\/www.colonmontajes.com\/","name":"Col\u00f3n Montajes","description":"Expertos en equipamiento de maquinaria de hosteler\u00eda","potentialAction":[{"@type":"SearchAction","target":{"@type":"EntryPoint","urlTemplate":"https:\/\/www.colonmontajes.com\/?s={search_term_string}"},"query-input":{"@type":"PropertyValueSpecification","valueRequired":true,"valueName":"search_term_string"}}],"inLanguage":"es"}]}},"_links":{"self":[{"href":"https:\/\/www.colonmontajes.com\/index.php\/wp-json\/wp\/v2\/product\/1831","targetHints":{"allow":["GET"]}}],"collection":[{"href":"https:\/\/www.colonmontajes.com\/index.php\/wp-json\/wp\/v2\/product"}],"about":[{"href":"https:\/\/www.colonmontajes.com\/index.php\/wp-json\/wp\/v2\/types\/product"}],"wp:featuredmedia":[{"embeddable":true,"href":"https:\/\/www.colonmontajes.com\/index.php\/wp-json\/wp\/v2\/media\/1834"}],"wp:attachment":[{"href":"https:\/\/www.colonmontajes.com\/index.php\/wp-json\/wp\/v2\/media?parent=1831"}],"wp:term":[{"taxonomy":"product_brand","embeddable":true,"href":"https:\/\/www.colonmontajes.com\/index.php\/wp-json\/wp\/v2\/product_brand?post=1831"},{"taxonomy":"product_cat","embeddable":true,"href":"https:\/\/www.colonmontajes.com\/index.php\/wp-json\/wp\/v2\/product_cat?post=1831"},{"taxonomy":"product_tag","embeddable":true,"href":"https:\/\/www.colonmontajes.com\/index.php\/wp-json\/wp\/v2\/product_tag?post=1831"}],"curies":[{"name":"wp","href":"https:\/\/api.w.org\/{rel}","templated":true}]}}